 factors of 20419.
7, 2917
What are the prime factors of 14898?
2, 3, 13, 191
What are the prime factors of 13788?
2, 3, 383
List the prime factors of 949.
13, 73
What are the prime factors of 10964?
2, 2741
What are the prime factors of 62656?
2, 11, 89
What are the prime factors of 45881?
11, 43, 97
List the prime factors of 5898.
2, 3, 983
What are the prime factors of 25673?
25673
List the prime factors of 45599.
45599
List the prime factors of 155572.
2, 19, 23, 89
What are the prime factors of 79796?
2, 19949
What are the prime factors of 16926?
2, 3, 7, 13, 31
What are the prime factors of 586?
2, 293
List the prime factors of 1591.
37, 43
List the prime factors of 96017.
96017
List the prime factors of 3113.
11, 283
What are the prime factors of 624?
2, 3, 13
List the prime factors of 8669.
8669
List the prime factors of 21515.
5, 13, 331
What are the prime factors of 25813?
83, 311
List the prime factors of 30735.
3, 5, 683
List the prime factors of 37183.
19, 103
List the prime factors of 10818.
2, 3, 601
List the prime factors of 8835.
3, 5, 19, 31
What are the prime factors of 5819?
11, 23
List the prime factors of 935.
5, 11, 17
What are the prime factors of 15375?
3, 5, 41
What are the prime factors of 716?
2, 179
List the prime factors of 140592.
2, 3, 29, 101
List the prime factors of 26094.
2, 3, 4349
List the prime factors of 12598.
2, 6299
What are the prime factors of 3171?
3, 7, 151
List the prime factors of 944.
2, 59
List the prime factors of 1731.
3, 577
What are the prime factors of 1251?
3, 139
List the prime factors of 1393.
7, 199
What are the prime factors of 28483?
7, 13, 313
What are the prime factors of 55851?
3, 18617
What are the prime factors of 128653?
7, 18379
List the prime factors of 1907.
1907
What are the prime factors of 2837?
2837
What are the prime factors of 33930?
2, 3, 5, 13, 29
What are the prime factors of 60186?
2, 3, 7, 1433
List the prime factors of 106.
2, 53
List the prime factors of 498.
2, 3, 83
List the prime factors of 27296.
2, 853
List the prime factors of 808.
2, 101
List the prime factors of 528.
2, 3, 11
List the prime factors of 152.
2, 19
List the prime factors of 47480.
2, 5, 1187
List the prime factors of 2499.
3, 7, 17
List the prime factors of 4030.
2, 5, 13, 31
What are the prime factors of 43041?
3, 14347
List the prime factors of 105.
3, 5, 7
What are the prime factors of 8209?
8209
List the prime factors of 28167.
3, 41, 229
List the prime factors of 32449.
37, 877
List the prime factors of 3718.
2, 11, 13
List the prime factors of 41511.
3, 101, 137
List the prime factors of 48691.
23, 29, 73
What are the prime factors of 4993?
4993
What are the prime factors of 515?
5, 103
List the prime factors of 2232.
2, 3, 31
List the prime factors of 2337.
3, 19, 41
What are the prime factors of 19995?
3, 5, 31, 43
List the prime factors of 28469.
7, 83
List the prime factors of 50690.
2, 5, 37, 137
What are the prime factors of 22107?
3, 7369
What are the prime factors of 7620?
2, 3, 5, 127
List the prime factors of 32516.
2, 11, 739
List the prime factors of 74592.
2, 3, 7, 37
What are the prime factors of 12864?
2, 3, 67
What are the prime factors of 78987?
3, 113, 233
List the prime factors of 25755.
3, 5, 17, 101
List the prime factors of 8755.
5, 17, 103
List the prime factors of 113619.
3, 11, 313
List the prime factors of 51669.
3, 5741
List the prime factors of 2510.
2, 5, 251
What are the prime factors of 23716?
2, 7, 11
List the prime factors of 877.
877
List the prime factors of 20556.
2, 3, 571
What are the prime factors of 30239?
11, 2749
List the prime factors of 45166.
2, 11, 2053
List the prime factors of 12456.
2, 3, 173
What are the prime factors of 1636?
2, 409
List the prime factors of 1029.
3, 7
What are the prime factors of 467?
467
List the prime factors of 891.
3, 11
List the prime factors of 35553.
3, 7, 1693
What are the prime factors of 3077?
17, 181
What are the prime factors of 3803?
3803
List the prime factors of 1312.
2, 41
What are the prime factors of 37831?
37831
What are the prime factors of 2269?
2269
What are the prime factors of 168555?
3, 5, 17, 661
List the prime factors of 6275.
5, 251
What are the prime factors of 23141?
73, 317
List the prime factors of 8489.
13, 653
What are the prime factors of 757?
757
List the prime factors of 775.
5, 31
What are the prime factors of 460?
2, 5, 23
What are the prime factors of 3147?
3, 1049
List the prime factors of 7431.
3, 2477
What are the prime factors of 27347?
23, 29, 41
What are the prime factors of 8112?
2, 3, 13
List the prime factors of 16797.
3, 11, 509
What are the prime factors of 399?
3, 7, 19
List the prime factors of 11791.
13, 907
What are the prime factors of 1032?
2, 3, 43
List the prime factors of 16474.
2, 8237
List the prime factors of 720.
2, 3, 5
List the prime factors of 11625.
3, 5, 31
What are the prime factors of 8675?
5, 347
List the prime factors of 860.
2, 5, 43
What are the prime factors of 554?
2, 277
What are the prime factors of 252?
2, 3, 7
List the prime factors of 1025.
5, 41
What are the prime factors of 101189?
11, 9199
List the prime factors of 9444.
2, 3, 787
List the prime factors of 2438.
2, 23, 53
What are the prime factors of 51089?
47, 1087
List the prime factors of 14839.
11, 19, 71
What are the prime factors of 140108?
2, 35027
List the prime factors of 129.
3, 43
What are the prime factors of 2582?
2, 1291
What are the prime factors of 24306?
2, 3, 4051
What are the prime factors of 7303?
67, 109
What are the prime factors of 3929?
3929
What are the prime factors of 18469?
11, 23, 73
List the prime factors of 146190.
2, 3, 5, 11, 443
List the prime factors of 7014.
2, 3, 7, 167
What are the prime factors of 6939?
3, 257
What are the prime factors of 10451?
7, 1493
What are the prime factors of 6492?
2, 3, 541
List the prime factors of 23753.
23753
List the prime factors of 2153.
2153
What are the prime factors of 8208?
2, 3, 19
What are the prime factors of 87?
3, 29
List the prime factors of 9246.
2, 3, 23, 67
List the prime factors of 3557.
3557
List the prime factors of 91571.
91571
What are the prime factors of 2905?
5, 7, 83
List the prime factors of 18568.
2, 11, 211
List the prime factors of 2531.
2531
What are the prime factors of 25967?
23, 1129
List the prime factors of 17207.
17207
List the prime factors of 155.
5, 31
What are the prime factors of 1056?
2, 3, 11
List the prime factors of 10525.
5, 421
What are the prime factors of 4493?
4493
What are the prime factors of 2361?
3, 787
List the prime factors of 19736.
2, 2467
List the prime factors of 3715.
5, 743
List the prime factors of 2473.
2473
List the prime factors of 64000.
2, 5
List the prime factors of 4274.
2, 2137
List the prime factors of 5.
5
List the prime factors of 98347.
98347
List the prime factors of 435.
3, 5, 29
What are the prime factors of 405?
3, 5
What are the prime factors of 11590?
2, 5, 19, 61
List the prime factors of 19394.
2, 9697
What are the prime factors of 115751?
115751
List the prime factors of 6001.
17, 353
List the prime factors of 251.
251
What are the prime factors of 3409?
7, 487
List the prime factors of 11679.
3, 17, 229
What are the prime factors of 31043?
37, 839
What are the prime factors of 1438?
2, 719
List the prime factors of 1783.
1783
What are the prime factors of 16038?
2, 3, 11
What are the prime factors of 6337?
6337
List the prime factors of 13435.
5, 2687
What are the prime factors of 2636?
2, 659
What are the prime factors of 31384?
2, 3923
List the prime factors of 7685.
5, 29, 53
What are the prime factors of 8591?
11, 71
List the prime factors of 16847.
17, 991
What are the prime factors of 101081?
101081
What are the prime factors of 28713?
3, 17, 563
List the prime factors of 3921.
3, 1307
List the prime factors of 70030.
2, 5, 47, 149
List the prime factors of 936.
2, 3, 13
What are the prime factors of 297?
3, 11
What are the prime factors of 104603?
29, 3607
List the prime factors of 43451.
43451
List the prime factors of 267.
3, 89
What are the prime factors of 38709?
3, 11, 17, 23
List the prime factors of 137560.
2, 5, 19, 181
What are the prime factors of 4456?
2, 557
List the prime factors of 1415.
5, 283
What are t